
14
Calculate the remainder when 433 is divided by 62.
61
What is the remainder when 62 is divided by 22?
18
Calculate the remainder when 685 is divided by 59.
36
What is the remainder when 481 is divided by 12?
1
What is the remainder when 3709 is divided by 10?
9
What is the remainder when 379 is divided by 108?
55
Calculate the remainder when 1998 is divided by 50.
48
Calculate the remainder when 45 is divided by 10.
5
What is the remainder when 56 is divided by 31?
25
Calculate the remainder when 336 is divided by 31.
26
Calculate the remainder when 1271 is divided by 193.
113
Calculate the remainder when 589 is divided by 18.
13
What is the remainder when 215 is divided by 75?
65
What is the remainder when 46 is divided by 7?
4
What is the remainder when 149 is divided by 62?
25
What is the remainder when 954 is divided by 194?
178
What is the remainder when 5631 is divided by 1123?
16
Calculate the remainder when 83 is divided by 42.
41
Calculate the remainder when 25 is divided by 14.
11
What is the remainder when 37 is divided by 10?
7
What is the remainder when 296 is divided by 73?
4
What is the remainder when 238 is divided by 8?
6
What is the remainder when 38883 is divided by 101?
99
What is the remainder when 300 is divided by 38?
34
What is the remainder when 809 is divided by 195?
29
Calculate the remainder when 270 is divided by 86.
12
Calculate the remainder when 941 is divided by 473.
468
What is the remainder when 7625 is divided by 62?
61
What is the remainder when 1620 is divided by 86?
72
What is the remainder when 101 is divided by 25?
1
What is the remainder when 126 is divided by 66?
60
Calculate the remainder when 634 is divided by 102.
22
What is the remainder when 138 is divided by 3?
0
What is the remainder when 587 is divided by 21?
20
Calculate the remainder when 399 is divided by 57.
0
Calculate the remainder when 35 is divided by 19.
16
Calculate the remainder when 798 is divided by 161.
154
What is the remainder when 1069 is divided by 104?
29
Calculate the remainder when 1027 is divided by 264.
235
Calculate the remainder when 965 is divided by 42.
41
What is the remainder when 86 is divided by 44?
42
Calculate the remainder when 214 is divided by 27.
25
What is the remainder when 26 is divided by 25?
1
Calculate the remainder when 265 is divided by 9.
4
Calculate the remainder when 82 is divided by 34.
14
Calculate the remainder when 136 is divided by 94.
42
What is the remainder when 475 is divided by 24?
19
What is the remainder when 4318 is divided by 2?
0
Calculate the remainder when 45 is divided by 29.
16
What is the remainder when 206 is divided by 99?
8
What is the remainder when 34 is divided by 14?
6
Calculate the remainder when 24 is divided by 14.
10
What is the remainder when 108 is divided by 98?
10
What is the remainder when 789 is divided by 99?
96
Calculate the remainder when 161 is divided by 15.
11
What is the remainder when 4088 is divided by 89?
83
What is the remainder when 90 is divided by 51?
39
What is the remainder when 428 is divided by 10?
8
Calculate the remainder when 1017 is divided by 167.
15
What is the remainder when 550 is divided by 138?
136
What is the remainder when 4084 is divided by 18?
16
What is the remainder when 22 is divided by 17?
5
What is the remainder when 59 is divided by 30?
29
What is the remainder when 773 is divided by 43?
42
Calculate the remainder when 127 is divided by 16.
15
What is the remainder when 537 is divided by 46?
31
Calculate the remainder when 228 is divided by 10.
8
Calculate the remainder when 2838 is divided by 150.
138
Calculate the remainder when 74 is divided by 31.
12
What is the remainder when 3245 is divided by 17?
15
What is the remainder when 80 is divided by 22?
14
What is the remainder when 273 is divided by 55?
53
What is the remainder when 167 is divided by 52?
11
What is the remainder when 95 is divided by 32?
31
What is the remainder when 249 is divided by 7?
4
Calculate the remainder when 40 is divided by 32.
8
Calculate the remainder when 31 is divided by 19.
12
Calculate the remainder when 227 is divided by 65.
32
Calculate the remainder when 983 is divided by 238.
31
Calculate the remainder when 137 is divided by 76.
61
Calculate the remainder when 647 is divided by 25.
22
What is the remainder when 7186 is divided by 1196?
10
What is the remainder when 268 is divided by 10?
8
What is the remainder when 160 is divided by 95?
65
What is the remainder when 3779 is divided by 36?
35
Calculate the remainder when 182 is divided by 43.
10
Calculate the remainder when 1129 is divided by 27.
22
What is the remainder when 125 is divided by 50?
25
What is the remainder when 123 is divided by 27?
15
What is the remainder when 6624 is divided by 37?
1
What is the remainder when 858 is divided by 4?
2
Calculate the remainder when 60 is divided by 21.
18
Calculate the remainder when 131 is divided by 30.
11
Calculate the remainder when 239 is divided by 32.
15
What is the remainder when 263 is divided by 22?
21
Calculate the remainder when 281 is divided by 15.
11
What is the remainder when 1740 is divided by 109?
105
Calculate the remainder when 221 is divided by 37.
36
What is the remainder when 71 is divided by 10?
1
Calculate the remainder when 31 is divided by 18.
13
Calculate the remainder when 1732 is divided by 102.
100
Calculate the remainder when 117 is divided by 33.
18
Calculate the remainder when 1333 is divided by 171.
136
What is the remainder when 33850 is divided by 62?
60
What is the remainder when 667 is divided by 143?
95
Calculate the remainder when 226 is divided by 127.
99
Calculate the remainder when 471 is divided by 59.
58
Calculate the remainder when 950 is divided by 136.
134
What is the remainder when 160 is divided by 54?
52
What is the remainder when 2816 is divided by 354?
338
Calculate the remainder when 391 is divided by 127.
10
Calculate the remainder when 538 is divided by 49.
48
Calculate the remainder when 50 is divided by 43.
7
Calculate the remainder when 50 is divided by 10.
0
Calculate the remainder when 798 is divided by 32.
30
What is the remainder when 6587 is divided by 194?
185
Calculate the remainder when 254 is divided by 17.
16
Calculate the remainder when 316 is divided by 59.
21
Calculate the remainder when 2870 is divided by 143.
10
What is the remainder when 563 is divided by 47?
46
What is the remainder when 713 is divided by 275?
163
What is the remainder when 643 is divided by 11?
5
What is the remainder when 67 is divided by 7?
4
Calculate the remainder when 3903 is divided by 11.
9
What is the remainder when 74 is divided by 52?
22
Calculate the remainder when 2438 is divided by 33.
29
What is the remainder when 135 is divided by 64?
7
What is the remainder when 67 is divided by 37?
30
Calculate the remainder when 647 is divided by 134.
111
Calculate the remainder when 3715 is divided by 23.
12
Calculate the remainder when 117 is divided by 39.
0
Calculate the remainder when 547 is divided by 185.
177
What is the remainder when 1087 is divided by 26?
21
Calculate the remainder when 106 is divided by 62.
44
Calculate the remainder when 2777 is divided by 32.
25
What is the remainder when 74 is divided by 28?
18
What is the remainder when 60 is divided by 21?
18
Calculate the remainder when 44 is divided by 14.
2
Calculate the remainder when 452 is divided by 241.
211
Calculate the remainder when 90 is divided by 73.
17
What is the remainder when 1310 is divided by 73?
69
What is the remainder when 66 is divided by 9?
3
Calculate the remainder when 8918 is divided by 2972.
2
What is the remainder when 857 is divided by 19?
2
What is the remainder when 4339 is divided by 26?
23
What is the remainder when 54 is divided by 28?
26
Calculate the remainder when 35 is divided by 33.
2
Calculate the remainder when 207 is divided by 43.
35
What is the remainder when 3293 is divided by 27?
26
What is the remainder when 365 is divided by 124?
117
What is the remainder when 939 is divided by 189?
183
What is the remainder when 138 is divided by 10?
8
Calculate the remainder when 974 is divided by 61.
59
What is the remainder when 343 is divided by 86?
85
Calculate the remainder when 